{"id":820,"date":"2018-03-13T21:01:16","date_gmt":"2018-03-13T21:01:16","guid":{"rendered":"http:\/\/www.ozelifinsaat.com\/?page_id=820"},"modified":"2018-03-13T21:01:16","modified_gmt":"2018-03-13T21:01:16","slug":"vizyonumuz-2","status":"publish","type":"page","link":"https:\/\/www.ozelifinsaat.com\/?page_id=820","title":{"rendered":"Vizyonumuz"},"content":{"rendered":"<p class=\"delmartext\">Kaliteyi bir ya\u015fam bi\u00e7imi olarak benimseyen, do\u011fruluk ve g\u00fcveni en \u00f6nemli de\u011ferleri olarak koruyan EL\u0130F \u0130N\u015eAAT kurulu\u015fundan bu yana &#8220;insana sayg\u0131&#8221; ya dayanan y\u00f6netim anlay\u0131\u015f\u0131 ile gerek taahh\u00fct ederek y\u00fcr\u00fctt\u00fc\u011f\u00fc in\u015faat i\u015fleri ile gerekse \u00fcretti\u011fi konut projeleri ile sekt\u00f6r\u00fcn sayg\u0131n \u015firketleri aras\u0131nda ad\u0131n\u0131 farkl\u0131 bir konuma yerle\u015ftirmi\u015ftir. EL\u0130F YAPI &#8216;da istihdamdan i\u015fletmeye kadar her \u015fey vizyon ve de\u011ferler taraf\u0131ndan tan\u0131mlan\u0131r.<\/p>\n<ul class=\"delmartext\">\n<li>\u00dcstlendi\u011fi g\u00f6revlerde farkl\u0131l\u0131klar yaratarak kal\u0131c\u0131 eserler yaratma hedefi ile kalite ve uygulama s\u00fcresi a\u00e7\u0131s\u0131ndan \u00fcst\u00fcn ba\u015far\u0131 ile y\u00fcr\u00fcten bir i\u015fletme olma \u00f6zelli\u011fimizi korurken, \u00e7a\u011fda\u015f ve modern T\u00fcrkiye i\u00e7in \u00fclkemiz ekonomisine katk\u0131m\u0131z\u0131 s\u00fcrekli olarak artt\u0131rmaktay\u0131z,<\/li>\n<li>\u0130n\u015faat sekt\u00f6r\u00fcnde verimlilik, kalite, i\u015f ve \u00e7al\u0131\u015fan g\u00fcvenli\u011fi konular\u0131nda standartlar\u0131 belirleyen T\u00fcrkiye&#8217;nin en g\u00fcvenilir \u015firketleri aras\u0131nda yer alma hedefi ve bilinci ile \u00e7al\u0131\u015fmalar\u0131m\u0131z\u0131 s\u00fcrd\u00fcrmekteyiz,<\/li>\n<li>Gelece\u011fimizi bug\u00fcnden \u015fekillendiriyoruz. Varl\u0131k nedenimiz olan m\u00fc\u015fterilerimize g\u00fcvenli yap\u0131lar, mek\u00e2nlar ve karl\u0131 yat\u0131r\u0131m f\u0131rsatlar\u0131 yaratmaktay\u0131z,<\/li>\n<li>D\u00fcnya ve \u00fclke \u00e7ap\u0131nda \u00f6nc\u00fc, giri\u015fimcilik ruhu ta\u015f\u0131yan, ilk ve \u00f6rnek olma \u00f6zelli\u011fi ta\u015f\u0131yan tasar\u0131mlar \u0131\u015f\u0131\u011f\u0131nda geli\u015ftirdi\u011fimiz projeler ile \u00fclkemizin \u00f6nemli mihenk ta\u015f\u0131 mimari yap\u0131tlar\u0131n\u0131 in\u015fa etme bilinci ve sorumlulu\u011funu ta\u015f\u0131maktay\u0131z,<\/li>\n<\/ul>\n","protected":false},"excerpt":{"rendered":"<p>Kaliteyi bir ya\u015fam bi\u00e7imi olarak benimseyen, do\u011fruluk ve g\u00fcveni en<span class=\"more-dots\"><a href=\"https:\/\/www.ozelifinsaat.com\/?page_id=820\">[ &#8230; ]<\/span><\/a><\/p>\n","protected":false},"author":1,"featured_media":0,"parent":0,"menu_order":0,"comment_status":"closed","ping_status":"closed","template":"","meta":[],"_links":{"self":[{"href":"https:\/\/www.ozelifinsaat.com\/index.php?rest_route=\/wp\/v2\/pages\/820"}],"collection":[{"href":"https:\/\/www.ozelifinsaat.com\/index.php?rest_route=\/wp\/v2\/pages"}],"about":[{"href":"https:\/\/www.ozelifinsaat.com\/index.php?rest_route=\/wp\/v2\/types\/page"}],"author":[{"embeddable":true,"href":"https:\/\/www.ozelifinsaat.com\/index.php?rest_route=\/wp\/v2\/users\/1"}],"replies":[{"embeddable":true,"href":"https:\/\/www.ozelifinsaat.com\/index.php?rest_route=%2Fwp%2Fv2%2Fcomments&post=820"}],"version-history":[{"count":1,"href":"https:\/\/www.ozelifinsaat.com\/index.php?rest_route=\/wp\/v2\/pages\/820\/revisions"}],"predecessor-version":[{"id":822,"href":"https:\/\/www.ozelifinsaat.com\/index.php?rest_route=\/wp\/v2\/pages\/820\/revisions\/822"}],"wp:attachment":[{"href":"https:\/\/www.ozelifinsaat.com\/index.php?rest_route=%2Fwp%2Fv2%2Fmedia&parent=820"}],"curies":[{"name":"wp","href":"https:\/\/api.w.org\/{rel}","templated":true}]}}