{"id":259,"date":"2012-02-08T22:12:06","date_gmt":"2012-02-08T22:12:06","guid":{"rendered":"http:\/\/www.ozelifinsaat.com\/?page_id=259"},"modified":"2020-04-24T14:21:29","modified_gmt":"2020-04-24T14:21:29","slug":"hakkimizda-3","status":"publish","type":"page","link":"https:\/\/www.ozelifinsaat.com\/?page_id=259","title":{"rendered":"Hakk\u0131m\u0131zda"},"content":{"rendered":"<p><a href=\"http:\/\/www.ozelifinsaat.com\/wp-content\/uploads\/2011\/12\/SANY1001.jpg\"><img loading=\"lazy\" class=\"size-medium wp-image-344 alignleft\" title=\"Resne Sokak \" src=\"http:\/\/www.ozelifinsaat.com\/wp-content\/uploads\/2011\/12\/SANY1001-225x300.jpg\" alt=\"\" width=\"225\" height=\"300\" srcset=\"https:\/\/www.ozelifinsaat.com\/wp-content\/uploads\/2011\/12\/SANY1001-225x300.jpg 225w, https:\/\/www.ozelifinsaat.com\/wp-content\/uploads\/2011\/12\/SANY1001-768x1024.jpg 768w\" sizes=\"(max-width: 225px) 100vw, 225px\" \/><span style=\"color: #000000;\">36<\/span><\/a> YILDIR SA\u011eLAMLIK VE G\u00dcVEN \u0130N\u015eA ED\u0130YORUZ.<\/p>\n<p>\u00d6z Elif in\u015faat g\u00fc\u00e7l\u00fc birikimiyle yenilik\u00e7i ve kusursuz projelere imza atmaya devam ediyor. \u00c7a\u011fda\u015f ve modern ya\u015fam standartlar\u0131n\u0131 sunmay\u0131 ilke edinen \u015firket, k\u00f6kl\u00fc ge\u00e7mi\u015fiyle sekt\u00f6r\u00fcnde uzun y\u0131llar ba\u015far\u0131yla s\u00fcrd\u00fcrd\u00fc\u011f\u00fc \u00e7al\u0131\u015fmalar\u0131 ve deneyimleri ile gelece\u011fin yerle\u015fim alanlar\u0131n\u0131 in\u015faa ediyor.<\/p>\n<p>Uzman y\u00f6netici kadrosu, titiz mimarlar\u0131, konusunda yetkin m\u00fchendisleriyle, \u00e7a\u011f\u0131m\u0131z\u0131n ileri teknolojisinden yararlanarak \u00e7al\u0131\u015fan \u00d6Z EL\u0130F \u0130N\u015eAAT, geli\u015fmi\u015f sosyal ya\u015fam de\u011ferlerine uygun, \u00e7evreye duyarl\u0131, g\u00fcvenli\u011fe \u00f6nem veren ve i\u00e7erisinde ya\u015fayan insanlar\u0131n t\u00fcm sosyal ihtiya\u00e7lar\u0131n\u0131 kar\u015f\u0131layan ya\u015fam mekanlar\u0131 yapan bir in\u015faat \u015firketidir.<\/p>\n<p>Ge\u00e7mi\u015f deneyimlerden kazan\u0131lan ticari itibar ve tecr\u00fcbenin deste\u011fi ile \u00d6z Elif \u0130n\u015faat, sekt\u00f6r\u00fcnde ba\u015far\u0131 ile ilerlemeye devam etmektedir. \u00d6z Elif in\u015faat m\u00fc\u015fteri memnuniyetini esas alarak bu g\u00fcne kadar geli\u015ftirip hayata ge\u00e7irdi\u011fi projelerin in\u015faatlar\u0131n\u0131 ba\u015far\u0131 ile tamamlam\u0131\u015ft\u0131r.<\/p>\n<p>\u00d6z Elif \u0130n\u015faat, ilkeli ve d\u00fcr\u00fcst \u00e7al\u0131\u015fmas\u0131 ile g\u00fcven ve kalitenin simgesi olmaya devam etmektedir. Kurulu\u015funun amac\u0131 konut \u00fcretmek olan \u00d6z ELif&nbsp; \u0130n\u015faat bu g\u00fcne kadar \u00fcstlenmi\u015f oldu\u011fu b\u00fct\u00fcn projeleri zaman\u0131nda bitirmi\u015f olup devam etmekte olan projeleri de s\u00f6z verdi\u011fi zamanda bitirmeyi taahh\u00fct etmektedir. \u00dclkemizde \u00f6zellikle son y\u0131llarda ya\u015fanan sosyal ve ekonomik de\u011fi\u015fimleri d\u00fcnyadaki de\u011fi\u015fimlerden ayr\u0131 d\u00fc\u015f\u00fcnmek m\u00fcmk\u00fcn de\u011fildir. Bu de\u011fi\u015fime paralel olarak de\u011fi\u015fen m\u00fc\u015fteri memnuniyetleri ise ilk s\u0131rada yerini korumaktad\u0131r. \u00d6z Elif \u0130n\u015faat m\u00fc\u015fteri memnuniyetinin garantisini vererek onlara her t\u00fcrl\u00fc aktiviteleri olan sa\u011fl\u0131kl\u0131, g\u00fcven verici siteler ve konutlar sunmaktad\u0131r.<br \/>\nTemel de\u011ferlerinden biriside ev sahibi olmak isteyen insanlar\u0131n tercih ve beklentilerini \u00f6n planda tutarak yapm\u0131\u015f oldu\u011fu yat\u0131r\u0131m\u0131n kar\u015f\u0131l\u0131\u011f\u0131n\u0131 alm\u0131\u015f olman\u0131n mutlulu\u011funu ya\u015fatmakt\u0131r.<\/p>\n","protected":false},"excerpt":{"rendered":"<p>36 YILDIR SA\u011eLAMLIK VE G\u00dcVEN \u0130N\u015eA ED\u0130YORUZ. \u00d6z Elif in\u015faat<span class=\"more-dots\"><a href=\"https:\/\/www.ozelifinsaat.com\/?page_id=259\">[ &#8230; ]<\/span><\/a><\/p>\n","protected":false},"author":1,"featured_media":0,"parent":0,"menu_order":0,"comment_status":"closed","ping_status":"open","template":"","meta":[],"_links":{"self":[{"href":"https:\/\/www.ozelifinsaat.com\/index.php?rest_route=\/wp\/v2\/pages\/259"}],"collection":[{"href":"https:\/\/www.ozelifinsaat.com\/index.php?rest_route=\/wp\/v2\/pages"}],"about":[{"href":"https:\/\/www.ozelifinsaat.com\/index.php?rest_route=\/wp\/v2\/types\/page"}],"author":[{"embeddable":true,"href":"https:\/\/www.ozelifinsaat.com\/index.php?rest_route=\/wp\/v2\/users\/1"}],"replies":[{"embeddable":true,"href":"https:\/\/www.ozelifinsaat.com\/index.php?rest_route=%2Fwp%2Fv2%2Fcomments&post=259"}],"version-history":[{"count":9,"href":"https:\/\/www.ozelifinsaat.com\/index.php?rest_route=\/wp\/v2\/pages\/259\/revisions"}],"predecessor-version":[{"id":916,"href":"https:\/\/www.ozelifinsaat.com\/index.php?rest_route=\/wp\/v2\/pages\/259\/revisions\/916"}],"wp:attachment":[{"href":"https:\/\/www.ozelifinsaat.com\/index.php?rest_route=%2Fwp%2Fv2%2Fmedia&parent=259"}],"curies":[{"name":"wp","href":"https:\/\/api.w.org\/{rel}","templated":true}]}}